se
Is 3515552701 prime?
False
Is 2648706031 prime?
False
Is 35451180643 a prime number?
True
Is 4243886539 a prime number?
False
Is 24970235111 prime?
False
Is 72596835709 prime?
True
Is 63174378217 prime?
False
Is 30283139 prime?
False
Is 19512100967 a prime number?
True
Is 191916629 a composite number?
True
Is 18778774901 a composite number?
True
Is 875412599 a prime number?
True
Is 2540081107 composite?
True
Is 1544765687 composite?
False
Is 334757483243 composite?
True
Is 637760779 a prime number?
False
Is 1219863487 composite?
False
Is 21708783667 prime?
True
Is 32844409771 a composite number?
False
Is 20193714509 a prime number?
False
Is 170452991 composite?
True
Is 2424496489 composite?
False
Is 693317659 composite?
False
Is 5310504917 a composite number?
False
Is 14044676927 prime?
False
Is 18845326553 prime?
True
Is 158611370791 a prime number?
True
Is 1378078993 a composite number?
False
Is 32099202193 composite?
False
Is 1965036277 a prime number?
False
Is 8615799617 a prime number?
False
Is 269329719943 prime?
True
Is 11128877561 composite?
False
Is 1376361091 a composite number?
True
Is 29493196078 composite?
True
Is 4591592981 a prime number?
True
Is 858549047 composite?
True
Is 1464225857 composite?
True
Is 981915362491 a prime number?
False
Is 9276764149 a prime number?
False
Is 3154998701 prime?
True
Is 2349328547 prime?
False
Is 31961305121 prime?
False
Is 80365723 prime?
False
Is 1523411161 prime?
False
Is 834113029 composite?
False
Is 65181419333 prime?
False
Is 3056268133 prime?
False
Is 255062824573 a composite number?
False
Is 899915183 composite?
True
Is 133485791 a prime number?
False
Is 2655020593 a prime number?
False
Is 4996911211 composite?
True
Is 863348851 composite?
False
Is 214493712437 a prime number?
True
Is 354145733 a composite number?
True
Is 52392213941 a prime number?
True
Is 5104832857 composite?
True
Is 424859159 prime?
True
Is 10044182581 composite?
True
Is 5087084773 a prime number?
False
Is 29789561 composite?
False
Is 3504348327 composite?
True
Is 5601805763 prime?
False
Is 32121127 composite?
True
Is 25090246507 prime?
True
Is 27967967141 prime?
True
Is 622523693 prime?
False
Is 2421655153 a composite number?
False
Is 51785762453 composite?
False
Is 793115363 a prime number?
True
Is 31005903371 a prime number?
True
Is 3258246317 composite?
False
Is 290101434461 a prime number?
False
Is 1000062151 composite?
True
Is 383807401 prime?
False
Is 1026460349 composite?
True
Is 1119290531 composite?
True
Is 941750317 a composite number?
True
Is 351968479 a prime number?
True
Is 14579834779 composite?
False
Is 539501687 a prime number?
True
Is 2185290451 a prime number?
True
Is 172251067 composite?
False
Is 3659380117 prime?
True
Is 774037909 a prime number?
False
Is 90256273631 a composite number?
False
Is 22903464163 composite?
False
Is 6675165733 prime?
True
Is 1931292577 composite?
True
Is 14470220909 a prime number?
False
Is 43295598497 a prime number?
False
Is 113532449 a prime number?
False
Is 1710867009 prime?
False
Is 16500694061 a prime number?
True
Is 56144906711 a composite number?
True
Is 8678242037 prime?
False
Is 161192401306 a prime number?
False
Is 2726671249 a prime number?
True
Is 536197373 a composite number?
False
Is 3022326397 composite?
True
Is 286966061 a composite number?
True
Is 1992858029 prime?
False
Is 9323691557 prime?
False
Is 6980934637 composite?
False
Is 6797046413 prime?
True
Is 1971179599 prime?
True
Is 4233012395 a prime number?
False
Is 14434278359 prime?
False
Is 128543017 composite?
False
Is 181288427 prime?
True
Is 41725199405 prime?
False
Is 29065087343 composite?
False
Is 2710114843 a composite number?
False
Is 3461632403 a prime number?
False
Is 780413717 composite?
True
Is 45308689063 composite?
True
Is 29548157791 composite?
True
Is 97157573 a composite number?
False
Is 134050451 a composite number?
True
Is 6875311263 a prime number?
False
Is 296042221 composite?
False
Is 17690416559 a prime number?
True
Is 1091802281 a composite number?
True
Is 1646890699 a prime number?
True
Is 1247744741 a prime number?
False
Is 829371001 prime?
False
Is 2347657537 a prime number?
False
Is 150656547813 prime?
False
Is 2960245987 prime?
True
Is 4582094057 a prime number?
True
Is 3985964133 composite?
True
Is 1047605803 a prime number?
True
Is 133220987 a composite number?
False
Is 540055123 prime?
False
Is 11025865309 prime?
True
Is 3528269417 a composite number?
False
Is 1732408141 composite?
True
Is 14259383461 a prime number?
True
Is 163399319 a composite number?
False
Is 386209801 composite?
True
Is 24626429237 a prime number?
True
Is 241937107 a prime number?
True
Is 9753527083 composite?
True
Is 135286168795 a composite number?
True
Is 3494956853 a composite number?
False
Is 357714341 prime?
True
Is 3984402993 prime?
False
Is 680262623 a composite number?
True
Is 1422921331 composite?
True
Is 1790194921 a composite number?
True
Is 3087298265 prime?
False
Is 6794322131 composite?
True
Is 3348763367 a prime number?
True
Is 1086435049 a composite number?
True
Is 2842347433 composite?
False
Is 2854903871 prime?
True
Is 799023529 composite?
True
Is 3292453067 composite?
True
Is 622320031 prime?
True
Is 4272978481 prime?
True
Is 1493230229 a prime number?
True
Is 52134135709 prime?
False
Is 572594251 a prime number?
False
Is 4922901934 prime?
False
Is 1404188453 prime?
False
Is 617804422 a prime number?
False
Is 925585547 a prime number?
False
Is 83039141813 a prime number?
False
Is 808646273 composite?
True
Is 7188743453 a prime number?
True
Is 202317396889 composite?
False
Is 767422073 prime?
False
Is 19167427973 composite?
False
Is 1386290153 composite?
True
Is 14366327849 a composite number?
False
Is 380112983 composite?
True
Is 1390801829 a composite number?
False
Is 38315413 prime?
True
Is 222334157 a composite number?
True
Is 6237735071 a prime number?
True
Is 2052006587 a prime number?
False
Is 2143428137 a composite number?
True
Is 17917359029 composite?
False
Is 51549302597 composite?
True
Is 8606060803 a prime number?
False
Is 742577183 prime?
True
Is 130814219 prime?
True
Is 42975040013 a composite number?
False
Is 514735937 prime?
False
Is 72014879 prime?
True
Is 487592527 composite?
True
Is 3957710851 a prime number?
False
Is 4919372846 composite?
True
Is 118543842545 a composite number?
True
Is 3367253363 a prime number?
True
Is 927253993 prime?
False
Is 1860944801 a prime number?
True
Is 586439839 composite?
True
Is 4672947953 a composite number?
True
Is 92715301429 composite?
False
Is 238084129 a prime number?
True
Is 126205801 composite?
True
Is 3421704757 a prime number?
True
Is 4729876937 a composite number?
False
Is 9392999873 a composite number?
False
Is 2473073399 prime?
True
Is 1813244969 composite?
False
Is 506407397 a composite number?
True
Is 14451855953 composite?
True
Is 9442079177 prime?
True
Is 665655217 a composite number?
False
Is 73628143 prime?
True
Is 53578820063 composite?
True
Is 357508787 a composite number?
True
Is 140000957 composite?
True
Is 6462388643 prime?
False
Is 2716812851 a composite number?
False
Is 5514624293 prime?
False
Is 13804340507 a composite number?
True
Is 30045004523 a composite number?
False
Is 16450132859 a composite number?
False
Is 13026011657 a composite number?
False
Is 23596438597 composite?
True
Is 33364578781 composite?
False
Is 2540065219 prime?
False
Is 1449422951 a composite number?
True
Is 5019321611 prime?
True
Is 20352727247 a composite number?
True
Is 28258968497 a prime number?
True
Is 20886445451 a composite number?
False
Is 9591172009 a composite number?
False
Is 5516666437 a prime number?
False
Is 436065593 a prime number?
True
Is 628163749 prime?
True
Is 358287961 prime?
False
Is 72301655159 prime?
True
Is 64473614566 composite?
True
Is 8461205321 prime?
True
Is 6401618477 a composite number?
False
Is 644239681 a prime number?
False
Is 3004169521 a composite number?
False
Is 5003064103 prime?
True
Is 21700341193 a prime number?
False
Is 821463607 a composite number?
True
Is 19844058821 prime?
True
Is 40924087579 prime?
True
Is 898877971 prime?
False
Is 226142669 a prime number?
False
Is 1928756441 prime?
True
Is 40106166041 prime?
False
Is 2569856449 prime?
False
Is 9196762667 a prime number